e the remainder when (3 + -5)*(-39 - 1) is divided by 14.
10
Suppose -3*p - 68 = -7*p. Suppose -4*g + 2*k + 57 - 23 = 0, g - 1 = -k. What is the remainder when p is divided by g?
5
Let z(g) = 2 + 4 + g**2 - g + 12. Calculate the remainder when 51 is divided by z(0).
15
Suppose 0*m + 12 = m. Suppose 2*y = -0*y + m. Calculate the remainder when 16 is divided by y.
4
Calculate the remainder when 35 is divided by ((-18)/(-4))/((-6)/60*-5).
8
Suppose -7 = -m + 3. Suppose 3*k - 2*r = -2*k + 92, -3*k + 64 = r. What is the remainder when 8/k + (-93)/(-5) is divided by m?
9
Let k be (-2 - -1 - 0)*-5. Suppose 2 = -j - 3*z - k, -5*j - z = -7. What is the remainder when 5 is divided by j?
1
Suppose -40 = -5*o + 55. Calculate the remainder when (222/9)/(1/3) is divided by o.
17
What is the remainder when 29 is divided by -3*177/(-36) + 2/8?
14
Let j = -1 + -10. Let n = 30 + j. Let f(m) = m**3 + 11*m**2 - 15*m + 20. Calculate the remainder when f(-12) is divided by n.
18
Calculate the remainder when -1 - 6/(-4)*56 is divided by 21.
20
Suppose 200 = 26*a - 22*a. Suppose y - 5 = -2*n, 5*n = 2*y - 0*n + 8. Suppose 18 - y = v. Calculate the remainder when a is divided by v.
16
Suppose 3*z - 239 = 3*c + 199, 4*z = -4*c + 544. Calculate the remainder when z is divided by 16.
13
Suppose 4*h = -a + 18 + 12, 4*h - 38 = 3*a. Let p(t) = h + 1 - 2*t**2 - t + t**2 - 6. Calculate the remainder when 5 is divided by p(0).
2
Let p(y) = 2*y**2 - 3*y - 11. Let r be p(5). Suppose -2*a + 3*a = r. What is the remainder when 47 is divided by a?
23
Let d(u) = u**2 - 4*u + 1. Let a be d(5). Let m = 3 + 27. What is the remainder when m is divided by ((-8)/a)/(3/(-36))?
14
Let x(g) = g**2 - 6*g + 6. Let y be x(5). Let q = 51 + -46. Suppose n - y = q. What is the remainder when 16 is divided by n?
4
Suppose -20 = -5*b, q = -4*q + 4*b - 6. Suppose -3*i + 5*y = -41, -q*i - 2*y + 22 = -0*y. Let c = -6 + 13. Calculate the remainder when i is divided by c.
5
Let g = 51 + -49. Calculate the remainder when 3 is divided by g.
1
Let o(j) = j**3 - 12*j**2 - 11*j - 12. Calculate the remainder when o(13) is divided by 3.
2
Suppose 4*k + 24 + 72 = 4*v, 0 = 3*v - 2*k - 74. Let t(u) = 3*u**2 + 20*u + 14. Calculate the remainder when t(-9) is divided by v.
25
Let d(z) = 5*z + 10. Let p = 19 - 0. Calculate the remainder when p is divided by d(0).
9
Suppose 3*c - 9 - 8 = -4*u, 0 = 4*u - 5*c + 7. Calculate the remainder when (45/10)/(u/44) is divided by 25.
24
Suppose 0 = 3*i - 68 + 26. Suppose -7*f = -2*f - 130. What is the remainder when f is divided by i?
12
Let x(z) = z**2 - 11*z - 12. Let m be x(13). Suppose -9 = -a + m. Calculate the remainder when 89 is divided by a.
20
Let o be (-47)/(-2) - (-2)/(-4). Let t = 38 - o. Suppose -4*v = -4*z - 156, -v = -5*v + 2*z + 164. What is the remainder when v is divided by t?
13
Suppose 0 = -a + 11*a - 600. Calculate the remainder when a is divided by 9.
6
Suppose p = 4 - 2. Suppose 0 = -p*n - 269 - 419. Calculate the remainder when n/(-9) - 8/36 is divided by 10.
8
Suppose -1 = -d - j - j, -3*j + 14 = 4*d. Suppose 2*o - d*o + 6 = 0. Suppose -10 = -4*h + o, 2*v - 2*h = 28. What is the remainder when v is divided by 9?
8
Suppose 0 = 5*l - 15 - 25. Let m = 33 + -10. What is the remainder when m is divided by l?
7
Let d(f) = 3*f. Let r be ((-2)/4)/(5/(-10)). Let a be d(r). Suppose 0 = -4*v - 2*t - 0*t + 6, -a*v - t + 7 = 0. What is the remainder when 9 is divided by v?
1
Let a be ((-3)/(-2))/(3/8). Suppose -i = 5*i - 24. Suppose a*m = 2*z - 6*z + 96, z + i*m = 9. Calculate the remainder when z is divided by 15.
14
Let d(t) = t + 3*t + 0*t + 4. Let g = 0 - -7. Calculate the remainder when d(4) is divided by g.
6
Let a = 55 - 92. Let z = a - -64. Suppose -3*l + 1 = -m, 0*l - l + 5 = 0. What is the remainder when z is divided by m?
13
Let h(z) = -z - 5. Suppose k + 24 = -k. Calculate the remainder when (-112)/(-6) - 2/(-6) is divided by h(k).
5
Let w(c) = c**2 + 15*c + 1. Let p be 8*1/2*-4. Calculate the remainder when w(p) is divided by 10.
7
Suppose -34 - 15 = -x. Calculate the remainder when x is divided by 25.
24
Suppose 5*u = 4*u + 16. Suppose n + 0 - 3 = 0. Suppose -5*x = 3*k - 156, 4*x + 4*k = 125 + n. Calculate the remainder when x is divided by u.
14
Let s(u) be the third derivative of -u**6/120 + 7*u**5/60 - u**4/4 - 3*u**2. What is the remainder when (1/(-1))/(6/(-354)) is divided by s(5)?
19
Suppose -a + 4*s - 50 = 0, 305 = -4*a + 3*s - 8*s. Let f = 30 - a. Let b = f - 57. What is the remainder when b is divided by 15?
13
Suppose 0 = 5*y + 93 + 7. Let w = 34 + y. What is the remainder when w is divided by 1*-2 + -4 + 14?
6
Suppose 3*o = 6, -o - 3*o - 18 = -2*v. Calculate the remainder when 76 is divided by v.
11
Suppose 0*o - o = -4*h + 7, -2*o + 10 = 0. Suppose 6*q - f = q + 18, -3*q + 24 = -5*f. Calculate the remainder when h is divided by q.
0
Calculate the remainder when 350/20*(-24)/(-10) is divided by 11.
9
Suppose q + q = -v + 4, 0 = -3*q + v - 4. Suppose 2*p = -q*p + 5*w + 37, -5*p = 4*w - 175. Calculate the remainder when p is divided by (-11)/(-1) + 2 + -2.
9
Let l = -20 + 22. What is the remainder when 2 is divided by l?
0
Let g(f) = 4*f**2 - 4*f - 9. Calculate the remainder when 102 is divided by g(3).
12
Let l(x) = -x + 12. Calculate the remainder when l(6) is divided by 2.
0
Let j(x) = 18*x**2 - 2*x + 1. Calculate the remainder when 2/5 - (-2142)/70 is divided by j(1).
14
Let t(i) = 2*i**3 - 2*i**2 - 2*i + 3. Calculate the remainder when 41 is divided by t(2).
6
What is the remainder when (-388)/(-5) - (51/(-15) - -3) is divided by 16?
14
Let i = -18 + 27. Let r = i - 6. What is the remainder when r is divided by -4*(2 + (-10)/4)?
1
Let t = -28 + 36. Calculate the remainder when 53 is divided by t.
5
Suppose w + 5*q = -2*w + 103, 4*w - 2*q - 120 = 0. Suppose 0*i = -2*i + 22. What is the remainder when w is divided by i?
9
Let s = -40 + 63. What is the remainder when 65 is divided by s?
19
Suppose 8*u - 5*u - 24 = 0. Calculate the remainder when 146/u + 1/(-4) is divided by 5.
3
Let f(t) = -2*t - 2. Let y be (3/(-2))/(18/(-24)). Suppose 0*a + y*a - 2 = 0. Calculate the remainder when f(-2) is divided by a.
0
Let n(m) = -14*m + 1. What is the remainder when 57 is divided by n(-1)?
12
Suppose 0 = 6*n - 2*n. Suppose n = -4*u + 2*a - 6, 0 = 4*u + 5*a - 18 + 59. Calculate the remainder when 17 is divided by (36/(-10))/(u/10).
8
Calculate the remainder when (943/92)/((-2)/(-8)) is divided by 11.
8
What is the remainder when (-10)/(928/240 + (-5 - -1)) is divided by 19?
18
Let g be (126/12)/((-1)/2). Let u = g + 32. Suppose 0 = c + 3 - u. Calculate the remainder when 23 is divided by c.
7
Let t be 16/6 - (-5)/15. Suppose -z = -t*z + 14. Suppose -p = -4 - z. Calculate the remainder when 19 is divided by p.
8
Suppose -o = 0, 3*l + 3 = -5*o + 21. Let v(t) = -t**2 + 8*t - 5. Calculate the remainder when v(l) is divided by 4.
3
Let t(w) = -w**3 - 4*w**2 - 3*w - 2. Let h(p) = p**2 + 5*p + 8. Calculate the remainder when t(-4) is divided by h(-4).
2
Let v be (2/6)/(7/42). Suppose v*u = -3 + 5. What is the remainder when 2 is divided by u?
0
Suppose -53 = -3*i - 2*p, i + 0*i - 7 = 2*p. Let c(s) = -7*s**3 - 2*s**2 + 3*s + 2. What is the remainder when c(-2) is divided by i?
14
Let q = -11 - -26. What is the remainder when (-133)/(-5) - 2/(-5) is divided by q?
12
Suppose -4*n - 41 = -2*j - 7*n, -56 = -2*j + 2*n. Suppose 0 = -0*i + 2*i - 14. Calculate the remainder when j is divided by i.
4
Suppose 134 = -3*g + u, -g - g = -5*u + 98. Let n = -22 - g. What is the remainder when 65 is divided by n?
21
Let l = 42 - 37. What is the remainder when l is divided by 4?
1
Suppose -2*a - 28 = -4*b, 11 - 53 = -5*b - a. Suppose t = 5 + b. What is the remainder when t is divided by 5?
3
Let j(p) = 3*p**2 + 6*p - 43. What is the remainder when j(6) is divided by 35?
31
Let x(b) = 12*b**2 + 2*b - 1. Calculate the remainder when x(2) is divided by 13.
12
Suppose a + 26 = 2*a. Calculate the remainder when 102 is divided by a.
24
Let j = 18 - 9. Let t = -19 + j. Let m = 17 + t. Calculate the remainder when 12 is divided by m.
5
Suppose -5*l - 2*n + 93 = 0, -l + 3*n + 3 = -2. Let o(x) = 16*x. What is the remainder when o(3) is divided by l?
14
Let p = -8 + 8. Suppose 4*x -